mber?
True
Is 64047553 a prime number?
False
Is 1400251499 a prime number?
False
Is 2897375737 a prime number?
False
Is 2865504091 a prime number?
True
Is 119233160997 composite?
True
Is 180001186847 a composite number?
False
Is 166693801619 composite?
True
Is 3281018171 composite?
False
Is 39192715 composite?
True
Is 1452891371 composite?
True
Is 56044586399 composite?
False
Is 725058683 composite?
False
Is 139555901243 a composite number?
True
Is 10043391073 a prime number?
True
Is 7109471527 a prime number?
True
Is 23283882409 prime?
True
Is 340146749 a prime number?
True
Is 3190765791 a composite number?
True
Is 27480571493 a prime number?
False
Is 159211003 a composite number?
True
Is 86134208051 a prime number?
True
Is 187785193 composite?
False
Is 16396609079 a composite number?
True
Is 467540141 a composite number?
True
Is 82033027 a composite number?
True
Is 26715277111 a prime number?
True
Is 4242123283 a prime number?
False
Is 8749606259 composite?
False
Is 117102047 prime?
False
Is 54064293981 a composite number?
True
Is 53606966641 a composite number?
False
Is 2519363723 prime?
False
Is 118192389677 a prime number?
False
Is 64291291409 composite?
False
Is 13524970799 composite?
True
Is 44131555571 composite?
False
Is 8678830451 a prime number?
True
Is 45447679 a composite number?
False
Is 11120548717 a prime number?
True
Is 10770380771 prime?
True
Is 5396906633 prime?
True
Is 147630328061 prime?
True
Is 204184231 a prime number?
True
Is 4708787323 a prime number?
True
Is 24860567783 composite?
True
Is 410633159 composite?
True
Is 7701208919 composite?
True
Is 71234726861 composite?
False
Is 840630463 composite?
False
Is 128416903 a prime number?
True
Is 3424240697 composite?
True
Is 421051157 a composite number?
True
Is 28070927243 a composite number?
False
Is 42048889783 a prime number?
False
Is 905503891 prime?
False
Is 15244055921 composite?
True
Is 2231177981 a composite number?
False
Is 1385882081 composite?
False
Is 3081887383 a composite number?
True
Is 2699719849 composite?
True
Is 14094478687 prime?
True
Is 107089421 a prime number?
True
Is 9499607653 composite?
True
Is 19821949115 a prime number?
False
Is 82305329 a composite number?
False
Is 125904147401 a prime number?
True
Is 6727633711 prime?
True
Is 486509747 composite?
False
Is 1141625681 a composite number?
True
Is 90325375093 a prime number?
False
Is 29687655715 a composite number?
True
Is 1304700439 composite?
True
Is 117866693 composite?
True
Is 4543556579 composite?
False
Is 4244226323 a composite number?
False
Is 49664338 prime?
False
Is 25901633339 a composite number?
True
Is 328288147 composite?
True
Is 99929656949 composite?
True
Is 134092883977 prime?
False
Is 13923628783 a prime number?
True
Is 32627326897 a composite number?
True
Is 4077199261 composite?
False
Is 126707327 composite?
True
Is 425551241 prime?
True
Is 8947104197 a composite number?
False
Is 1175115427 a composite number?
True
Is 8140040557 prime?
False
Is 527574937 a composite number?
True
Is 12988276321 prime?
False
Is 7554360131 composite?
False
Is 13828601257 prime?
True
Is 7002287993 a prime number?
False
Is 746499373 a prime number?
False
Is 853793999 a prime number?
False
Is 16690384393 prime?
True
Is 1218423977 composite?
True
Is 39322836109 a composite number?
False
Is 11835234079 composite?
False
Is 838561663 a composite number?
True
Is 336622441 a prime number?
False
Is 7308163199 prime?
True
Is 16563906893 prime?
False
Is 3798357053 composite?
False
Is 366623651 prime?
True
Is 71178042181 a prime number?
True
Is 4812897827 a prime number?
True
Is 165379575499 prime?
True
Is 1760079961 a composite number?
False
Is 1487999963 a prime number?
False
Is 199391923 a composite number?
True
Is 79015481 a composite number?
False
Is 467053651 a prime number?
True
Is 423932441 a prime number?
True
Is 1143499907 prime?
False
Is 1194961049 a composite number?
False
Is 2079117059 a composite number?
False
Is 1570403279 composite?
True
Is 3446748821 a composite number?
True
Is 1569052123 prime?
True
Is 11883041 prime?
True
Is 37452239809 a prime number?
False
Is 52402778507 a prime number?
False
Is 982296149 a composite number?
True
Is 298384166 prime?
False
Is 2446046107 a composite number?
False
Is 32119997009 prime?
True
Is 4520161511 a composite number?
True
Is 48865065871 a composite number?
True
Is 4742413681 prime?
False
Is 403960181 a prime number?
False
Is 1354783889 a composite number?
False
Is 24367929941 prime?
False
Is 16189888903 a composite number?
True
Is 172848191 a composite number?
True
Is 5960200297 prime?
False
Is 740938189 a prime number?
True
Is 42426763 composite?
True
Is 11149265819 a composite number?
False
Is 312754303 prime?
False
Is 781386479 prime?
False
Is 1214498317 a composite number?
False
Is 258022750813 a prime number?
True
Is 710633449 a composite number?
False
Is 336983081 composite?
False
Is 405260561 composite?
True
Is 261192461 a composite number?
False
Is 7008221053 a composite number?
False
Is 147043783 composite?
True
Is 1819387601 a prime number?
True
Is 97724413 a prime number?
False
Is 89150203301 a composite number?
False
Is 1196623847 prime?
False
Is 38246048131 a prime number?
False
Is 1409810587 prime?
True
Is 24053257393 a composite number?
True
Is 115634986627 a prime number?
True
Is 447341107 prime?
True
Is 130136618039 a prime number?
True
Is 5916418619 composite?
False
Is 17618327509 prime?
True
Is 1497720557 a prime number?
True
Is 9455692667 prime?
True
Is 43125342829 a prime number?
True
Is 195024883 a composite number?
True
Is 704138543 composite?
False
Is 10639735699 a composite number?
True
Is 1704668059 prime?
True
Is 949354343 a prime number?
False
Is 133424151011 prime?
True
Is 28244473 composite?
False
Is 298721413 a prime number?
True
Is 3765150859 a prime number?
True
Is 11375018581 composite?
False
Is 10503977243 prime?
True
Is 468851597 composite?
False
Is 2212661651 a prime number?
True
Is 1363469423 composite?
True
Is 8008416007 a composite number?
False
Is 1207566487 a prime number?
True
Is 34407914323 a composite number?
True
Is 364288061 a composite number?
False
Is 881602619 a composite number?
False
Is 103885627071 a composite number?
True
Is 609817667 a prime number?
True
Is 23262918997 composite?
False
Is 1824301751 a prime number?
True
Is 17656562563 a prime number?
True
Is 3136364281 composite?
False
Is 2525866501 a prime number?
True
Is 27418178243 composite?
True
Is 7345377241 a composite number?
True
Is 2320506211 a composite number?
True
Is 6317591611 prime?
True
Is 13158424757 a prime number?
True
Is 532559497 composite?
False
Is 1794964943 a composite number?
False
Is 504045037 a prime number?
True
Is 2772623183 composite?
True
Is 160796977 prime?
False
Is 2555776493 a composite number?
True
Is 205484458313 a composite number?
False
Is 23226832157 a composite number?
True
Is 250044493 prime?
True
Is 2302951037 composite?
False
Is 1702763441 a prime number?
True
Is 3435884563 composite?
False
Is 29854882978 prime?
False
Is 101980450763 prime?
False
Is 66069426931 a composite number?
False
Is 40900449743 a prime number?
False
Is 1075082741 composite?
True
Is 3083778338 a prime number?
False
Is 59147310527 prime?
True
Is 106066318537 prime?
True
Is 3473662138 composite?
True
Is 17639465297 a prime number?
True
Is 11664311479 composite?
True
Is 29480881 a composite number?
False
Is 597641311 prime?
True
Is 76327253 a composite number?
True
Is 9034097731 prime?
False
Is 10689383609 prime?
True
Is 791916691 composite?
True
Is 10594756047 a prime number?
False
Is 8319361861 prime?
True
Is 815236999 composite?
False
Is 2133245641 composite?
False
Is 32662616167 composite?
False
Is 1045385431 a prime number?
False
Is 62687301077 composite?
False
Is 3581817157 prime?
False
Is 859270939 a composite number?
True
Is 16021115207 a composite number?
True
Is 3065064007 prime?
False
Is 1410815063 composite?
True
Is 91548377 prime?
True
Is 762916577 a prime number?
False
Is 19277602349 a composite number?
True
Is 23824258333 a composite number?
False
Is 41405059 a composite number?
False
Is 173283911 a composite number?
False
Is 1069092853 composite?
True
Is 247026792829 a prime number?
False
Is 57277765349 prime?
False